{"id":462,"date":"2013-11-11T16:06:57","date_gmt":"2013-11-11T16:06:57","guid":{"rendered":"http:\/\/www.bgd-avocats.fr\/?page_id=462"},"modified":"2014-01-02T22:37:39","modified_gmt":"2014-01-02T22:37:39","slug":"analyses","status":"publish","type":"page","link":"https:\/\/www.bgd-avocats.fr\/?page_id=462","title":{"rendered":"Analyses"},"content":{"rendered":"<\/ul>\n<blockquote>\n<ul>\n<li><strong><a <a href=\"https:\/\/www.bgd-avocats.fr\/wp-content\/uploads\/2013\/11\/ISF-Domicile-fiscal-et-assiette-Janvier-2014.pdf\">ISF &#8211; Domicile fiscal et assiette &#8211; Janvier 2014<\/a><\/strong><\/li>\n<\/ul>\n<\/blockquote>\n<p>&nbsp;<\/p>\n<blockquote>\n<ul>\n<li><strong><a href=\"https:\/\/www.bgd-avocats.fr\/wp-content\/uploads\/2013\/11\/R\u00e9gularisation-des-avoirs-\u00e9trangers-Novembre-2013.pdf\">R\u00e9gularisation des avoirs \u00e9trangers &#8211; Novembre 2013<\/a><\/strong><\/li>\n<\/ul>\n<\/blockquote>\n<p>&nbsp;<\/p>\n<blockquote>\n<ul>\n<li><strong>La contribution exceptionnelle sur les hauts revenus \u00e0 l&rsquo;\u00e9preuve des conventions internationales<\/strong><\/li>\n<\/ul>\n<\/blockquote>\n<p>&nbsp;<\/p>\n<blockquote>\n<ul>\n<li><strong>Evaluation des soci\u00e9t\u00e9s \u00e0 pr\u00e9pond\u00e9rance immobili\u00e8re: neutralisation des cr\u00e9ances des non-r\u00e9sidents<\/strong><\/li>\n<\/ul>\n<\/blockquote>\n<p>&nbsp;<\/p>\n","protected":false},"excerpt":{"rendered":"","protected":false},"author":1,"featured_media":0,"parent":0,"menu_order":5,"comment_status":"closed","ping_status":"closed","template":"","meta":{"footnotes":""},"class_list":["post-462","page","type-page","status-publish","hentry"],"_links":{"self":[{"href":"https:\/\/www.bgd-avocats.fr\/index.php?rest_route=\/wp\/v2\/pages\/462","targetHints":{"allow":["GET"]}}],"collection":[{"href":"https:\/\/www.bgd-avocats.fr\/index.php?rest_route=\/wp\/v2\/pages"}],"about":[{"href":"https:\/\/www.bgd-avocats.fr\/index.php?rest_route=\/wp\/v2\/types\/page"}],"author":[{"embeddable":true,"href":"https:\/\/www.bgd-avocats.fr\/index.php?rest_route=\/wp\/v2\/users\/1"}],"replies":[{"embeddable":true,"href":"https:\/\/www.bgd-avocats.fr\/index.php?rest_route=%2Fwp%2Fv2%2Fcomments&post=462"}],"version-history":[{"count":12,"href":"https:\/\/www.bgd-avocats.fr\/index.php?rest_route=\/wp\/v2\/pages\/462\/revisions"}],"predecessor-version":[{"id":580,"href":"https:\/\/www.bgd-avocats.fr\/index.php?rest_route=\/wp\/v2\/pages\/462\/revisions\/580"}],"wp:attachment":[{"href":"https:\/\/www.bgd-avocats.fr\/index.php?rest_route=%2Fwp%2Fv2%2Fmedia&parent=462"}],"curies":[{"name":"wp","href":"https:\/\/api.w.org\/{rel}","templated":true}]}}