{"id":26,"date":"2011-12-05T10:26:53","date_gmt":"2011-12-05T10:26:53","guid":{"rendered":"http:\/\/www.ntwrk.fr\/d\/bgd\/?page_id=26"},"modified":"2011-12-05T20:34:12","modified_gmt":"2011-12-05T20:34:12","slug":"strategie-patrimoniale","status":"publish","type":"page","link":"https:\/\/www.bgd-avocats.fr\/?page_id=26","title":{"rendered":"Strat\u00e9gie patrimoniale"},"content":{"rendered":"<p>Optimiser le d\u00e9veloppement, et surtout la transmission de son patrimoine, est un souhait naturel. Les moyens d&rsquo;y parvenir d\u00e9pendent de la structure du patrimoine, de la composition de la famille et de l&rsquo;objectif recherch\u00e9.<\/p>\n<p>&nbsp;<\/p>\n<h4>DOMAINES D&rsquo;INTERVENTION<\/h4>\n<p>&#8211; Gestion et optimisation fiscale des placements en valeurs mobili\u00e8res et autres droits sociaux (revenus, plus-values)<\/p>\n<p>&#8211; Gestion et optimisation fiscale de l&rsquo;immobilier (nu, meubl\u00e9 ou am\u00e9nag\u00e9 en d\u00e9tention directe ou indirecte)<\/p>\n<p>&#8211; Gestion et optimisation fiscale des r\u00e9gimes de faveur et des produits exon\u00e9r\u00e9s (investissements outre-mer, Robien, Borloo, Scellier, Malraux, monuments historiques, pep, perp, assurance-vie, etc&#8230;)<\/p>\n<p>&#8211; Gestion du plafonnement global des avantages fiscaux li\u00e9s aux niches fiscales, gestion du plafonnement des imp\u00f4ts directs (bouclier fiscal)<\/p>\n<p>&#8211; D\u00e9localisation des biens et des personnes \u00e0 l&rsquo;\u00e9tranger<\/p>\n<p>&#8211; Transmission \u00e0 titre gratuit (donation, succession)<\/p>\n<p>&#8211; Transmission \u00e0 titre on\u00e9reux (vente, apport, etc&#8230;.)<\/p>\n","protected":false},"excerpt":{"rendered":"<p>Optimiser le d\u00e9veloppement, et surtout la transmission de son patrimoine, est un souhait naturel. Les moyens d&rsquo;y parvenir d\u00e9pendent de la structure du patrimoine, de la composition de la famille et de l&rsquo;objectif recherch\u00e9. &nbsp; DOMAINES D&rsquo;INTERVENTION &#8211; Gestion et optimisation fiscale des placements en valeurs mobili\u00e8res et autres droits sociaux (revenus, plus-values) &#8211; Gestion [&hellip;]<\/p>\n","protected":false},"author":1,"featured_media":0,"parent":10,"menu_order":3,"comment_status":"open","ping_status":"open","template":"","meta":{"footnotes":""},"class_list":["post-26","page","type-page","status-publish","hentry"],"_links":{"self":[{"href":"https:\/\/www.bgd-avocats.fr\/index.php?rest_route=\/wp\/v2\/pages\/26","targetHints":{"allow":["GET"]}}],"collection":[{"href":"https:\/\/www.bgd-avocats.fr\/index.php?rest_route=\/wp\/v2\/pages"}],"about":[{"href":"https:\/\/www.bgd-avocats.fr\/index.php?rest_route=\/wp\/v2\/types\/page"}],"author":[{"embeddable":true,"href":"https:\/\/www.bgd-avocats.fr\/index.php?rest_route=\/wp\/v2\/users\/1"}],"replies":[{"embeddable":true,"href":"https:\/\/www.bgd-avocats.fr\/index.php?rest_route=%2Fwp%2Fv2%2Fcomments&post=26"}],"version-history":[{"count":4,"href":"https:\/\/www.bgd-avocats.fr\/index.php?rest_route=\/wp\/v2\/pages\/26\/revisions"}],"predecessor-version":[{"id":86,"href":"https:\/\/www.bgd-avocats.fr\/index.php?rest_route=\/wp\/v2\/pages\/26\/revisions\/86"}],"up":[{"embeddable":true,"href":"https:\/\/www.bgd-avocats.fr\/index.php?rest_route=\/wp\/v2\/pages\/10"}],"wp:attachment":[{"href":"https:\/\/www.bgd-avocats.fr\/index.php?rest_route=%2Fwp%2Fv2%2Fmedia&parent=26"}],"curies":[{"name":"wp","href":"https:\/\/api.w.org\/{rel}","templated":true}]}}